{"id":65,"date":"2018-03-27T16:31:17","date_gmt":"2018-03-27T14:31:17","guid":{"rendered":"http:\/\/www3.marie-couppie.fr\/?page_id=65"},"modified":"2026-04-30T17:44:44","modified_gmt":"2026-04-30T15:44:44","slug":"bio","status":"publish","type":"page","link":"https:\/\/www3.marie-couppie.fr\/","title":{"rendered":""},"content":{"rendered":"<div id=\"corps\">\n<div class=\"bio\"><img loading=\"lazy\" decoding=\"async\" class=\"size-medium wp-image-73 aligncenter\" src=\"http:\/\/www3.marie-couppie.fr\/wp-content\/uploads\/2018\/03\/photo-179x300.png\" alt=\"\" width=\"179\" height=\"300\" srcset=\"https:\/\/www3.marie-couppie.fr\/wp-content\/uploads\/2018\/03\/photo-179x300.png 179w, https:\/\/www3.marie-couppie.fr\/wp-content\/uploads\/2018\/03\/photo.png 257w\" sizes=\"auto, (max-width: 179px) 100vw, 179px\" \/><\/div>\n<\/div>\n<div><\/div>\n<div><\/div>\n<div><\/div>\n<div id=\"corps\">\n<div class=\"bio\">Autodidacte, issue d&rsquo;un milieu artistique, Marie Couppi\u00e9 peint, \u00e0 partir de 2005, au pastel sa technique favorite, puis \u00e0 l&rsquo;acrylique, plus de 100 tableaux. Ce sont des \u00e9vocations, histoires courtes, contes, rarement des contenus r\u00e9els ou des th\u00e8mes impos\u00e9s, dont l&rsquo;inspiration lui vient pas \u00e0 pas, au gr\u00e9 du contour, des formes et des sensations \u00e9prouv\u00e9es, le titre s&rsquo;imposant naturellement. Univers merveilleux et inqui\u00e9tant \u00e0 la fois, d&rsquo;enfants jouant, de visages mi-homme mi-animal, d&rsquo;oreilles qui sourient, d&rsquo;yeux vagabonds, <a href=\"http:\/\/www3.marie-couppie.fr\/wp-content\/uploads\/2018\/04\/atelier.png\"><img loading=\"lazy\" decoding=\"async\" class=\"aligncenter wp-image-1106 size-medium\" src=\"http:\/\/www3.marie-couppie.fr\/wp-content\/uploads\/2018\/04\/atelier-300x208.png\" alt=\"\" width=\"300\" height=\"208\" srcset=\"https:\/\/www3.marie-couppie.fr\/wp-content\/uploads\/2018\/04\/atelier-300x208.png 300w, https:\/\/www3.marie-couppie.fr\/wp-content\/uploads\/2018\/04\/atelier.png 400w\" sizes=\"auto, (max-width: 300px) 100vw, 300px\" \/><\/a>auxquels se m\u00ealent pr\u00e9sences diffuses et fuites incongrues. Sobres et pudiques, faits d&rsquo;intuition et d&rsquo;instants v\u00e9cus, tous ces paysages intimes nous parlent tels une impression fugitive, un bref \u00e9merveillement et nous transposent yeux et \u00e9motions vers des chim\u00e8res color\u00e9es, narratives et pleines de sens. Autant d&rsquo;ombres et de lumi\u00e8res qui lib\u00e8rent notre inconscient. L&rsquo;artiste s&rsquo;ancre ainsi dans sa m\u00e9moire, ses racines et toute son histoire.<\/div>\n<div class=\"bio\">\n<p>&nbsp;<\/p>\n<\/div>\n<\/div>\n","protected":false},"excerpt":{"rendered":"<p>Autodidacte, issue d&rsquo;un milieu artistique, Marie Couppi\u00e9 peint, \u00e0 partir de 2005, au pastel sa technique favorite, puis \u00e0 l&rsquo;acrylique, plus de 100 tableaux. Ce sont des \u00e9vocations, histoires courtes, contes, rarement des contenus r\u00e9els ou des th\u00e8mes impos\u00e9s, dont l&rsquo;inspiration lui vient pas \u00e0 pas, au gr\u00e9 du contour, des formes et des sensations &hellip; <\/p>\n<p class=\"link-more\"><a href=\"https:\/\/www3.marie-couppie.fr\/\" class=\"more-link\">Continuer la lecture<span class=\"screen-reader-text\"> de &laquo;&nbsp;&nbsp;&raquo;<\/span><\/a><\/p>\n","protected":false},"author":1,"featured_media":0,"parent":0,"menu_order":0,"comment_status":"closed","ping_status":"closed","template":"","meta":{"footnotes":""},"class_list":["post-65","page","type-page","status-publish","hentry"],"_links":{"self":[{"href":"https:\/\/www3.marie-couppie.fr\/index.php?rest_route=\/wp\/v2\/pages\/65","targetHints":{"allow":["GET"]}}],"collection":[{"href":"https:\/\/www3.marie-couppie.fr\/index.php?rest_route=\/wp\/v2\/pages"}],"about":[{"href":"https:\/\/www3.marie-couppie.fr\/index.php?rest_route=\/wp\/v2\/types\/page"}],"author":[{"embeddable":true,"href":"https:\/\/www3.marie-couppie.fr\/index.php?rest_route=\/wp\/v2\/users\/1"}],"replies":[{"embeddable":true,"href":"https:\/\/www3.marie-couppie.fr\/index.php?rest_route=%2Fwp%2Fv2%2Fcomments&post=65"}],"version-history":[{"count":21,"href":"https:\/\/www3.marie-couppie.fr\/index.php?rest_route=\/wp\/v2\/pages\/65\/revisions"}],"predecessor-version":[{"id":1116,"href":"https:\/\/www3.marie-couppie.fr\/index.php?rest_route=\/wp\/v2\/pages\/65\/revisions\/1116"}],"wp:attachment":[{"href":"https:\/\/www3.marie-couppie.fr\/index.php?rest_route=%2Fwp%2Fv2%2Fmedia&parent=65"}],"curies":[{"name":"wp","href":"https:\/\/api.w.org\/{rel}","templated":true}]}}